{"id":14,"date":"2021-10-22T11:40:57","date_gmt":"2021-10-22T09:40:57","guid":{"rendered":"https:\/\/logisticssummit.de\/packages\/?post_type=product&#038;p=14"},"modified":"2025-11-12T17:38:34","modified_gmt":"2025-11-12T16:38:34","slug":"aussteller-vip-lounge-ihr-eigener-meetingraum","status":"publish","type":"product","link":"https:\/\/mobileroboticssummit.de\/booking\/shop\/aussteller-vip-lounge-ihr-eigener-meetingraum\/","title":{"rendered":"VIP-Lounge Paket- Dein eigener Meetingbereich"},"content":{"rendered":"<h4>Eure eigene &#8222;VIP-Lounge&#8220;<\/h4>\n<p>&nbsp;<\/p>\n<p>Eure eigene &#8222;VIP-Lounge&#8220; mit exklusiven Bereich f\u00fcr ungest\u00f6rte Gespr\u00e4che mit euren G\u00e4sten. An Stelle des Basis Pakets bucht ihr unser &#8222;VIP-Lounge Paket&#8220;<\/p>\n<p>Das &#8222;VIP-Lounge Paket&#8220; enth\u00e4lt:<\/p>\n<ul>\n<li style=\"list-style-type: none;\">\n<ul>\n<li>5 Expo &amp; Conference Tickets und 2 VIP-Tickets (Zutritt zu allen Veranstaltungen im Rahmen des Mobile Robotics Summit, auch das Speakers Dinner)<\/li>\n<\/ul>\n<\/li>\n<\/ul>\n<ul>\n<li style=\"list-style-type: none;\">\n<ul>\n<li>Auff\u00fchrung als Aussteller (auf der Website und anderen Werbematerialien)<\/li>\n<li>Zugriff auf die Liste der Teilnehmenden (abrufbar im Aussteller-Portal: aktuellste Liste der Teilnehmenden [Unternehmen + Position])<\/li>\n<li>Zugriff auf die Logistics Summit App \u2013 mit Auflistung aller Ansprechpartner und teilnehmenden Unternehmen \u2013 ideal f\u00fcr Vorbereitungen durch unsere Chat-Funktion<\/li>\n<li>Namensschild-Scans mittels der Logistics Summit App (inkl. Export der gescannten Kontakte)<\/li>\n<li>Euer Unternehmen wird auf unserer Ausstellerwand am Messeeingang mit weiteren Informationen f\u00fcr alle Besucher pr\u00e4sentiert<\/li>\n<li>9 m\u00b2 Basis-Standfl\u00e4che (inkl. bedruckter &amp; beleuchteter R\u00fcckwand mit eurem Design)<\/li>\n<li>4 Sessel &amp; 2 Tische (Auswahl zwischen schwarz und wei\u00df)<\/li>\n<li>2 Pflanzen<\/li>\n<li>bei Bedarf ggfs. mit Absperrung \/ Zaunelement m\u00f6glich.<\/li>\n<\/ul>\n<\/li>\n<\/ul>\n<p>&nbsp;<\/p>\n<p>Hinweis: Das &#8222;VIP-Lounge Paket&#8220; ben\u00f6tigt nicht das Basispaket, kann jedoch auch mit Optionen, wie z.B. einer Smoothie-Bar, Masterclass,etc. kombiniert werden!<\/p>\n","protected":false},"excerpt":{"rendered":"<p>Eure eigene &#8222;VIP-Lounge&#8220; &nbsp; Eure eigene &#8222;VIP-Lounge&#8220; mit exklusiven Bereich f\u00fcr ungest\u00f6rte Gespr\u00e4che mit euren G\u00e4sten. An Stelle des Basis Pakets bucht ihr unser &#8222;VIP-Lounge Paket&#8220; Das &#8222;VIP-Lounge Paket&#8220; enth\u00e4lt: 5 Expo &amp; Conference Tickets und 2 VIP-Tickets (Zutritt zu allen Veranstaltungen im Rahmen des Mobile Robotics Summit, auch das Speakers Dinner) Auff\u00fchrung als Aussteller&hellip; <a class=\"more-link\" href=\"https:\/\/mobileroboticssummit.de\/booking\/shop\/aussteller-vip-lounge-ihr-eigener-meetingraum\/\"><span class=\"screen-reader-text\">VIP-Lounge Paket- Dein eigener Meetingbereich<\/span> weiterlesen<\/a><\/p>\n","protected":false},"featured_media":798,"comment_status":"open","ping_status":"closed","template":"","meta":[],"product_brand":[],"product_cat":[15],"product_tag":[],"class_list":{"0":"post-14","1":"product","2":"type-product","3":"status-publish","4":"has-post-thumbnail","6":"product_cat-sales-networking","7":"entry","9":"first","10":"instock","11":"sold-individually","12":"taxable","13":"shipping-taxable","14":"purchasable","15":"product-type-simple"},"_links":{"self":[{"href":"https:\/\/mobileroboticssummit.de\/booking\/wp-json\/wp\/v2\/product\/14","targetHints":{"allow":["GET"]}}],"collection":[{"href":"https:\/\/mobileroboticssummit.de\/booking\/wp-json\/wp\/v2\/product"}],"about":[{"href":"https:\/\/mobileroboticssummit.de\/booking\/wp-json\/wp\/v2\/types\/product"}],"replies":[{"embeddable":true,"href":"https:\/\/mobileroboticssummit.de\/booking\/wp-json\/wp\/v2\/comments?post=14"}],"wp:featuredmedia":[{"embeddable":true,"href":"https:\/\/mobileroboticssummit.de\/booking\/wp-json\/wp\/v2\/media\/798"}],"wp:attachment":[{"href":"https:\/\/mobileroboticssummit.de\/booking\/wp-json\/wp\/v2\/media?parent=14"}],"wp:term":[{"taxonomy":"product_brand","embeddable":true,"href":"https:\/\/mobileroboticssummit.de\/booking\/wp-json\/wp\/v2\/product_brand?post=14"},{"taxonomy":"product_cat","embeddable":true,"href":"https:\/\/mobileroboticssummit.de\/booking\/wp-json\/wp\/v2\/product_cat?post=14"},{"taxonomy":"product_tag","embeddable":true,"href":"https:\/\/mobileroboticssummit.de\/booking\/wp-json\/wp\/v2\/product_tag?post=14"}],"curies":[{"name":"wp","href":"https:\/\/api.w.org\/{rel}","templated":true}]}}