{"id":16,"date":"2021-10-22T11:42:27","date_gmt":"2021-10-22T09:42:27","guid":{"rendered":"https:\/\/logisticssummit.de\/packages\/?post_type=product&#038;p=16"},"modified":"2025-11-12T17:36:52","modified_gmt":"2025-11-12T16:36:52","slug":"one-on-one-meetings","status":"publish","type":"product","link":"https:\/\/mobileroboticssummit.de\/booking\/shop\/one-on-one-meetings\/","title":{"rendered":"10 One-on-One Meetings"},"content":{"rendered":"<p><strong>Garantierte Meetings und Leads<\/strong> auf dem Summit!<\/p>\n<p>Ihr w\u00e4hlt aus der Teilnehmendenliste Eure<strong>\u00a0Top Targets<\/strong> aus und wir sorgen daf\u00fcr, dass <strong>mindestens 10 Meetings<\/strong> mit diesen Personen und Eurem Team auf dem Summit stattfinden.<\/p>\n<p>Wichtig ist, dass die daf\u00fcr notwendigen Fristen zur Einreichung der durch Euch markierten Wunschkontakte auch eingehalten werden und ca. 40 Kontakte markiert werden!<\/p>\n<p><strong>Die Buchung der organisierten One-on-One Meetings geht nur in Kombination mit dem Basispaket.<\/strong><\/p>\n<p>Legt los und spreche mit den Pers\u00f6nlichkeiten, die die gr\u00f6\u00dfte Relevanz f\u00fcr euch haben.<\/p>\n","protected":false},"excerpt":{"rendered":"<p>Garantierte Meetings und Leads auf dem Summit! Ihr w\u00e4hlt aus der Teilnehmendenliste Eure\u00a0Top Targets aus und wir sorgen daf\u00fcr, dass mindestens 10 Meetings mit diesen Personen und Eurem Team auf dem Summit stattfinden. Wichtig ist, dass die daf\u00fcr notwendigen Fristen zur Einreichung der durch Euch markierten Wunschkontakte auch eingehalten werden und ca. 40 Kontakte markiert&hellip; <a class=\"more-link\" href=\"https:\/\/mobileroboticssummit.de\/booking\/shop\/one-on-one-meetings\/\"><span class=\"screen-reader-text\">10 One-on-One Meetings<\/span> weiterlesen<\/a><\/p>\n","protected":false},"featured_media":800,"comment_status":"open","ping_status":"closed","template":"","meta":[],"product_brand":[],"product_cat":[15],"product_tag":[21],"class_list":{"0":"post-16","1":"product","2":"type-product","3":"status-publish","4":"has-post-thumbnail","6":"product_cat-sales-networking","7":"product_tag-highlight","8":"entry","10":"first","11":"instock","12":"sold-individually","13":"taxable","14":"shipping-taxable","15":"purchasable","16":"product-type-simple"},"_links":{"self":[{"href":"https:\/\/mobileroboticssummit.de\/booking\/wp-json\/wp\/v2\/product\/16","targetHints":{"allow":["GET"]}}],"collection":[{"href":"https:\/\/mobileroboticssummit.de\/booking\/wp-json\/wp\/v2\/product"}],"about":[{"href":"https:\/\/mobileroboticssummit.de\/booking\/wp-json\/wp\/v2\/types\/product"}],"replies":[{"embeddable":true,"href":"https:\/\/mobileroboticssummit.de\/booking\/wp-json\/wp\/v2\/comments?post=16"}],"wp:featuredmedia":[{"embeddable":true,"href":"https:\/\/mobileroboticssummit.de\/booking\/wp-json\/wp\/v2\/media\/800"}],"wp:attachment":[{"href":"https:\/\/mobileroboticssummit.de\/booking\/wp-json\/wp\/v2\/media?parent=16"}],"wp:term":[{"taxonomy":"product_brand","embeddable":true,"href":"https:\/\/mobileroboticssummit.de\/booking\/wp-json\/wp\/v2\/product_brand?post=16"},{"taxonomy":"product_cat","embeddable":true,"href":"https:\/\/mobileroboticssummit.de\/booking\/wp-json\/wp\/v2\/product_cat?post=16"},{"taxonomy":"product_tag","embeddable":true,"href":"https:\/\/mobileroboticssummit.de\/booking\/wp-json\/wp\/v2\/product_tag?post=16"}],"curies":[{"name":"wp","href":"https:\/\/api.w.org\/{rel}","templated":true}]}}