{"id":679,"date":"2023-10-27T17:04:34","date_gmt":"2023-10-27T15:04:34","guid":{"rendered":"https:\/\/mobileroboticssummit.de\/booking\/?post_type=product&#038;p=679"},"modified":"2025-11-12T18:12:18","modified_gmt":"2025-11-12T17:12:18","slug":"deine-aktive-nutzung-der-fahrflaeche-fuer-mobile-robots-vda5050-mesh-up","status":"publish","type":"product","link":"https:\/\/mobileroboticssummit.de\/booking\/shop\/deine-aktive-nutzung-der-fahrflaeche-fuer-mobile-robots-vda5050-mesh-up\/","title":{"rendered":"Eure aktive Nutzung der Integration Zone f\u00fcr Mobile Roboter (VDA5050 Mesh-Up)"},"content":{"rendered":"<p>Du willst mit Eurem Produkt Teil des <strong>VDA5050 Mesh-Up<\/strong> sein, dann buche diese limitierte Option zus\u00e4tzlich zur erforderlichen Basis-, Silber, Gold- oder Platinpartnerschaft hinzu!<\/p>\n<p>Die Idee des Mesh-Up ist die erfolgreiche Zusammenarbeit von fahrerlosen Transportsystemen (FTS) bzw. automated guided vehicles (AGV) mittels des <strong>VDA5050 Standard<\/strong> zu pr\u00e4sentieren.<\/p>\n<p>Die perfekte M\u00f6glichkeit die problemlose Einsatzf\u00e4higkeit Eurer Produkte in ein bestehendes Netzwerk von anderen Systemen zu zeigen. Wir werden bei der Umsetzung dieser Fahrfl\u00e4che von unserem <strong>Partner Synaos<\/strong> tatkr\u00e4ftig unterst\u00fctzt, der bei Nutzung dieser Fahrfl\u00e4che zwingend mit eingebunden werden muss! Unser <strong>Partner Synaos<\/strong> \u00fcbernimmt die Koordinierung des Betriebs w\u00e4hrend des Mobile Robotics Summit !<\/p>\n<p>F\u00fcr die Teilnahme an diesem Mesh-Up ist eine <strong>Mitgliedschaft beim VDMA<\/strong>, sowie die Unterst\u00fctzung des <strong>VDA5050<\/strong> Standard zwingend notwendig!<\/p>\n<p>Falls Du Interesse an einer Teilnahme mit einem eigenen Fahrbereich hast, jedoch den VDA5050 aktuell nicht unterst\u00fctzt, sprich uns bitte direkt an. Es wird ggfs. m\u00f6glich sein eigene Fahrzeuge durch <em>Erweiterung des eigenen Partnerstandes<\/em> \/ bzw. auf einer <em>abgeteilten Fahrfl\u00e4che<\/em> zu zeigen.<\/p>\n","protected":false},"excerpt":{"rendered":"<p>Du willst mit Eurem Produkt Teil des VDA5050 Mesh-Up sein, dann buche diese limitierte Option zus\u00e4tzlich zur erforderlichen Basis-, Silber, Gold- oder Platinpartnerschaft hinzu! Die Idee des Mesh-Up ist die erfolgreiche Zusammenarbeit von fahrerlosen Transportsystemen (FTS) bzw. automated guided vehicles (AGV) mittels des VDA5050 Standard zu pr\u00e4sentieren. Die perfekte M\u00f6glichkeit die problemlose Einsatzf\u00e4higkeit Eurer Produkte&hellip; <a class=\"more-link\" href=\"https:\/\/mobileroboticssummit.de\/booking\/shop\/deine-aktive-nutzung-der-fahrflaeche-fuer-mobile-robots-vda5050-mesh-up\/\"><span class=\"screen-reader-text\">Eure aktive Nutzung der Integration Zone f\u00fcr Mobile Roboter (VDA5050 Mesh-Up)<\/span> weiterlesen<\/a><\/p>\n","protected":false},"featured_media":1031,"comment_status":"open","ping_status":"closed","template":"","meta":[],"product_brand":[],"product_cat":[54],"product_tag":[],"class_list":{"0":"post-679","1":"product","2":"type-product","3":"status-publish","4":"has-post-thumbnail","6":"product_cat-vda5050-fahrflaeche-mesh-mitnutzen","7":"entry","9":"first","10":"instock","11":"sold-individually","12":"taxable","13":"shipping-taxable","14":"purchasable","15":"product-type-simple"},"_links":{"self":[{"href":"https:\/\/mobileroboticssummit.de\/booking\/wp-json\/wp\/v2\/product\/679","targetHints":{"allow":["GET"]}}],"collection":[{"href":"https:\/\/mobileroboticssummit.de\/booking\/wp-json\/wp\/v2\/product"}],"about":[{"href":"https:\/\/mobileroboticssummit.de\/booking\/wp-json\/wp\/v2\/types\/product"}],"replies":[{"embeddable":true,"href":"https:\/\/mobileroboticssummit.de\/booking\/wp-json\/wp\/v2\/comments?post=679"}],"wp:featuredmedia":[{"embeddable":true,"href":"https:\/\/mobileroboticssummit.de\/booking\/wp-json\/wp\/v2\/media\/1031"}],"wp:attachment":[{"href":"https:\/\/mobileroboticssummit.de\/booking\/wp-json\/wp\/v2\/media?parent=679"}],"wp:term":[{"taxonomy":"product_brand","embeddable":true,"href":"https:\/\/mobileroboticssummit.de\/booking\/wp-json\/wp\/v2\/product_brand?post=679"},{"taxonomy":"product_cat","embeddable":true,"href":"https:\/\/mobileroboticssummit.de\/booking\/wp-json\/wp\/v2\/product_cat?post=679"},{"taxonomy":"product_tag","embeddable":true,"href":"https:\/\/mobileroboticssummit.de\/booking\/wp-json\/wp\/v2\/product_tag?post=679"}],"curies":[{"name":"wp","href":"https:\/\/api.w.org\/{rel}","templated":true}]}}